{"id":100,"date":"2023-08-04T20:41:07","date_gmt":"2023-08-04T20:41:07","guid":{"rendered":"http:\/\/kenzabusiness.com\/?post_type=product&#038;p=100"},"modified":"2023-08-04T20:42:21","modified_gmt":"2023-08-04T20:42:21","slug":"disque-dur-externe-de-bureau-seagate-expansion-10-to","status":"publish","type":"product","link":"https:\/\/kenzabusiness.com\/index.php\/product\/disque-dur-externe-de-bureau-seagate-expansion-10-to\/","title":{"rendered":"Disque dur externe de bureau Seagate Expansion 10 To"},"content":{"rendered":"","protected":false},"excerpt":{"rendered":"<header class=\"productStrate__header\">\n<h2 class=\"productStrate__title\">CARACT\u00c9RISTIQUES TECHNIQUES<\/h2>\n<\/header>\n<div class=\"characteristicsStrate__lists\">\n<div class=\"characteristicsStrate__list\">\n<dl class=\"characteristicsStrate__item\">\n<dt class=\"characteristicsStrate__term\">Type de disque dur : Disque Dur Externe<\/dt>\n<\/dl>\n<dl class=\"characteristicsStrate__item\">\n<dt class=\"characteristicsStrate__term\">Capacit\u00e9 : 10 To<\/dt>\n<\/dl>\n<dl class=\"characteristicsStrate__item characteristicsStrate__item--long \">\n<dt class=\"characteristicsStrate__term\">Entr\u00e9e(s) informatique : 1 USB 3.0 Port SuperSpeed USB 3.0 (n\u00e9cessaire pour atteindre les vitesses de transfert USB 3.0 ou r\u00e9trocompatibilit\u00e9 avec les ports USB 2.0 \u00e0 des vitesses de transfert USB 2.0)<\/dt>\n<\/dl>\n<dl class=\"characteristicsStrate__item\">\n<dt class=\"characteristicsStrate__term\">Type d\u2019interface : USB 3.0<\/dt>\n<\/dl>\n<dl class=\"characteristicsStrate__item\">\n<dt class=\"characteristicsStrate__term\">Couleur : Noir<\/dt>\n<\/dl>\n<\/div>\n<\/div>\n","protected":false},"featured_media":101,"comment_status":"open","ping_status":"closed","template":"","meta":[],"product_brand":[],"product_cat":[23],"product_tag":[],"class_list":{"0":"post-100","1":"product","2":"type-product","3":"status-publish","4":"has-post-thumbnail","6":"product_cat-stockage","8":"first","9":"instock","10":"shipping-taxable","11":"purchasable","12":"product-type-simple"},"_links":{"self":[{"href":"https:\/\/kenzabusiness.com\/index.php\/wp-json\/wp\/v2\/product\/100","targetHints":{"allow":["GET"]}}],"collection":[{"href":"https:\/\/kenzabusiness.com\/index.php\/wp-json\/wp\/v2\/product"}],"about":[{"href":"https:\/\/kenzabusiness.com\/index.php\/wp-json\/wp\/v2\/types\/product"}],"replies":[{"embeddable":true,"href":"https:\/\/kenzabusiness.com\/index.php\/wp-json\/wp\/v2\/comments?post=100"}],"wp:featuredmedia":[{"embeddable":true,"href":"https:\/\/kenzabusiness.com\/index.php\/wp-json\/wp\/v2\/media\/101"}],"wp:attachment":[{"href":"https:\/\/kenzabusiness.com\/index.php\/wp-json\/wp\/v2\/media?parent=100"}],"wp:term":[{"taxonomy":"product_brand","embeddable":true,"href":"https:\/\/kenzabusiness.com\/index.php\/wp-json\/wp\/v2\/product_brand?post=100"},{"taxonomy":"product_cat","embeddable":true,"href":"https:\/\/kenzabusiness.com\/index.php\/wp-json\/wp\/v2\/product_cat?post=100"},{"taxonomy":"product_tag","embeddable":true,"href":"https:\/\/kenzabusiness.com\/index.php\/wp-json\/wp\/v2\/product_tag?post=100"}],"curies":[{"name":"wp","href":"https:\/\/api.w.org\/{rel}","templated":true}]}}