{"id":114,"date":"2023-08-04T20:50:42","date_gmt":"2023-08-04T20:50:42","guid":{"rendered":"http:\/\/kenzabusiness.com\/?post_type=product&#038;p=114"},"modified":"2023-08-04T20:50:42","modified_gmt":"2023-08-04T20:50:42","slug":"hp-pavilion-tg01-1403nf","status":"publish","type":"product","link":"https:\/\/kenzabusiness.com\/index.php\/product\/hp-pavilion-tg01-1403nf\/","title":{"rendered":"HP Pavilion TG01-1403nf"},"content":{"rendered":"","protected":false},"excerpt":{"rendered":"<p id=\"_ctl0_ContentPlaceHolder1_titre_carac\" class=\"fiche_strong_pcp titre-rubrique\"><strong><span id=\"caracteristiques-principales\">CARACT\u00c9RISTIQUES PRINCIPALES :<\/span><\/strong><\/p>\n<ul id=\"_ctl0_ContentPlaceHolder1_carac_liste\" class=\"carac_liste\" data-role=\"listview\">\n<li class=\"caracterisques_principales\">\u2013 Processeur : INTEL I5<\/li>\n<li class=\"caracterisques_principales\">\u2013 M\u00e9moire : 16 Go<\/li>\n<li class=\"caracterisques_principales\">\u2013 Disque Dur : SSD 512 Go<\/li>\n<li class=\"caracterisques_principales\">\u2013 Chipset graphique : Nvidia GeForce RTX 2060<\/li>\n<\/ul>\n<p>\u2013 Couleur : Cadre avant noir c\u00e9leste, logo chrom\u00e9 vert acidul\u00e9<\/p>\n","protected":false},"featured_media":115,"comment_status":"open","ping_status":"closed","template":"","meta":[],"product_brand":[],"product_cat":[18],"product_tag":[],"class_list":{"0":"post-114","1":"product","2":"type-product","3":"status-publish","4":"has-post-thumbnail","6":"product_cat-ordinateur-de-bureau","8":"first","9":"instock","10":"shipping-taxable","11":"purchasable","12":"product-type-simple"},"_links":{"self":[{"href":"https:\/\/kenzabusiness.com\/index.php\/wp-json\/wp\/v2\/product\/114","targetHints":{"allow":["GET"]}}],"collection":[{"href":"https:\/\/kenzabusiness.com\/index.php\/wp-json\/wp\/v2\/product"}],"about":[{"href":"https:\/\/kenzabusiness.com\/index.php\/wp-json\/wp\/v2\/types\/product"}],"replies":[{"embeddable":true,"href":"https:\/\/kenzabusiness.com\/index.php\/wp-json\/wp\/v2\/comments?post=114"}],"wp:featuredmedia":[{"embeddable":true,"href":"https:\/\/kenzabusiness.com\/index.php\/wp-json\/wp\/v2\/media\/115"}],"wp:attachment":[{"href":"https:\/\/kenzabusiness.com\/index.php\/wp-json\/wp\/v2\/media?parent=114"}],"wp:term":[{"taxonomy":"product_brand","embeddable":true,"href":"https:\/\/kenzabusiness.com\/index.php\/wp-json\/wp\/v2\/product_brand?post=114"},{"taxonomy":"product_cat","embeddable":true,"href":"https:\/\/kenzabusiness.com\/index.php\/wp-json\/wp\/v2\/product_cat?post=114"},{"taxonomy":"product_tag","embeddable":true,"href":"https:\/\/kenzabusiness.com\/index.php\/wp-json\/wp\/v2\/product_tag?post=114"}],"curies":[{"name":"wp","href":"https:\/\/api.w.org\/{rel}","templated":true}]}}